s the remainder when 145 is divided by 8?
1
What is the remainder when 346 is divided by 285?
61
What is the remainder when 25 is divided by 10?
5
What is the remainder when 59 is divided by 4?
3
Calculate the remainder when 46 is divided by 26.
20
What is the remainder when 2878 is divided by 18?
16
What is the remainder when 88 is divided by 15?
13
What is the remainder when 1043 is divided by 121?
75
What is the remainder when 309 is divided by 10?
9
What is the remainder when 241 is divided by 30?
1
What is the remainder when 416 is divided by 145?
126
Calculate the remainder when 257 is divided by 87.
83
Calculate the remainder when 150 is divided by 32.
22
What is the remainder when 296 is divided by 76?
68
Calculate the remainder when 1798 is divided by 40.
38
What is the remainder when 610 is divided by 77?
71
What is the remainder when 316 is divided by 18?
10
What is the remainder when 3151 is divided by 51?
40
What is the remainder when 208 is divided by 5?
3
What is the remainder when 4610 is divided by 159?
158
Calculate the remainder when 116 is divided by 12.
8
Calculate the remainder when 659 is divided by 29.
21
Calculate the remainder when 1067 is divided by 17.
13
What is the remainder when 176 is divided by 13?
7
Calculate the remainder when 1130 is divided by 54.
50
What is the remainder when 1174 is divided by 263?
122
What is the remainder when 287 is divided by 106?
75
What is the remainder when 158 is divided by 47?
17
What is the remainder when 982 is divided by 17?
13
Calculate the remainder when 536 is divided by 265.
6
Calculate the remainder when 760 is divided by 7.
4
What is the remainder when 276 is divided by 43?
18
What is the remainder when 93 is divided by 5?
3
What is the remainder when 219 is divided by 16?
11
What is the remainder when 1470 is divided by 487?
9
Calculate the remainder when 2035 is divided by 85.
80
What is the remainder when 74 is divided by 19?
17
What is the remainder when 42 is divided by 36?
6
What is the remainder when 47 is divided by 24?
23
What is the remainder when 69 is divided by 61?
8
What is the remainder when 218 is divided by 22?
20
Calculate the remainder when 263 is divided by 74.
41
What is the remainder when 45 is divided by 26?
19
Calculate the remainder when 19 is divided by 4.
3
What is the remainder when 175 is divided by 62?
51
What is the remainder when 200 is divided by 4?
0
Calculate the remainder when 150 is divided by 92.
58
Calculate the remainder when 100 is divided by 19.
5
What is the remainder when 696 is divided by 211?
63
Calculate the remainder when 215 is divided by 99.
17
Calculate the remainder when 287 is divided by 61.
43
Calculate the remainder when 204 is divided by 72.
60
Calculate the remainder when 420 is divided by 401.
19
Calculate the remainder when 52 is divided by 17.
1
What is the remainder when 814 is divided by 67?
10
What is the remainder when 880 is divided by 7?
5
Calculate the remainder when 732 is divided by 191.
159
Calculate the remainder when 402 is divided by 385.
17
What is the remainder when 566 is divided by 42?
20
Calculate the remainder when 465 is divided by 32.
17
What is the remainder when 1782 is divided by 16?
6
Calculate the remainder when 271 is divided by 7.
5
What is the remainder when 2250 is divided by 93?
18
Calculate the remainder when 290 is divided by 90.
20
What is the remainder when 185 is divided by 16?
9
Calculate the remainder when 35693 is divided by 8.
5
What is the remainder when 979 is divided by 87?
22
What is the remainder when 550 is divided by 29?
28
Calculate the remainder when 1436 is divided by 45.
41
Calculate the remainder when 2911 is divided by 364.
363
What is the remainder when 339 is divided by 17?
16
What is the remainder when 328 is divided by 88?
64
What is the remainder when 133 is divided by 22?
1
Calculate the remainder when 349 is divided by 118.
113
Calculate the remainder when 110 is divided by 3.
2
Calculate the remainder when 326 is divided by 108.
2
What is the remainder when 127 is divided by 44?
39
What is the remainder when 995 is divided by 111?
107
Calculate the remainder when 176 is divided by 34.
6
What is the remainder when 2191 is divided by 8?
7
Calculate the remainder when 2255 is divided by 188.
187
Calculate the remainder when 7877 is divided by 8.
5
What is the remainder when 28 is divided by 7?
0
Calculate the remainder when 121 is divided by 11.
0
What is the remainder when 51 is divided by 27?
24
Calculate the remainder when 264 is divided by 91.
82
Calculate the remainder when 238 is divided by 40.
38
What is the remainder when 104 is divided by 15?
14
Calculate the remainder when 106 is divided by 12.
10
Calculate the remainder when 159 is divided by 38.
7
What is the remainder when 5624 is divided by 22?
14
What is the remainder when 450 is divided by 52?
34
Calculate the remainder when 591 is divided by 36.
15
Calculate the remainder when 1579 is divided by 16.
11
Calculate the remainder when 961 is divided by 337.
287
Calculate the remainder when 205 is divided by 143.
62
Calculate the remainder when 3610 is divided by 32.
26
Calculate the remainder when 115 is divided by 24.
19
Calculate the remainder when 647 is divided by 130.
127
What is the remainder when 139 is divided by 50?
39
Calculate the remainder when 9415 is divided by 22.
21
What is the remainder when 368 is divided by 31?
27
Calculate the remainder when 1100 is divided by 136.
12
Calculate the remainder when 895 is divided by 68.
11
Calculate the remainder when 21 is divided by 6.
3
What is the remainder when 2180 is divided by 21?
17
Calculate the remainder when 12631 is divided by 383.
375
What is the remainder when 717 is divided by 45?
42
Calculate the remainder when 754 is divided by 249.
7
What is the remainder when 476 is divided by 241?
235
Calculate the remainder when 934 is divided by 24.
22
Calculate the remainder when 1323 is divided by 53.
51
What is the remainder when 5311 is divided by 27?
19
Calculate the remainder when 1027 is divided by 206.
203
What is the remainder when 3390 is divided by 137?
102
What is the remainder when 333 is divided by 5?
3
Calculate the remainder when 194 is divided by 33.
29
Calculate the remainder when 253 is divided by 91.
71
What is the remainder when 1962 is divided by 131?
128
What is the remainder when 298 is divided by 34?
26
What is the remainder when 854 is divided by 15?
14
What is the remainder when 824 is divided by 23?
19
What is the remainder when 132 is divided by 39?
15
Calculate the remainder when 167 is divided by 51.
14
Calculate the remainder when 435 is divided by 40.
35
Calculate the remainder when 326 is divided by 161.
4
What is the remainder when 1139 is divided by 76?
75
What is the remainder when 638 is divided by 167?
137
Calculate the remainder when 219 is divided by 57.
48
What is the remainder when 153 is divided by 42?
27
What is the remainder when 288 is divided by 49?
43
What is the remainder when 670 is divided by 15?
10
Calculate the remainder when 10599 is divided by 106.
105
Calculate the remainder when 551 is divided by 197.
157
Calculate the remainder when 2414 is divided by 41.
36
Calculate the remainder when 1150 is divided by 229.
5
Calculate the remainder when 181 is divided by 58.
7
Calculate the remainder when 111 is divided by 37.
0
Calculate the remainder when 400 is divided by 48.
16
Calculate the remainder when 31260 is divided by 7.
5
What is the remainder when 460 is divided by 137?
49
Calculate the remainder when 537 is divided by 75.
12
Calculate the remainder when 3277 is divided by 39.
1
Calculate the remainder when 28 is divided by 6.
4
What is the remainder when 89 is divided by 46?
43
Calculate the remainder when 352 is divided by 124.
104
What is the remainder when 323 is divided by 8?
3
Calculate the remainder when 109 is divided by 43.
23
Calculate the remainder when 144 is divided by 47.
3
Calculate the remainder when 128 is divided by 5.
3
Calculate the remainder when 296 is divided by 228.
68
Calculate the remainder when 596 is divided by 582.
14
What is the remainder when 721 is divided by 33?
28
What is the remainder when 827 is divided by 157?
42
What is the remainder 